t v = -359 - r. Calculate the highest common divisor of 26 and v.
13
Suppose 34*z = 38*z - 324. Let s = -10 + 41. Let c = z - s. Calculate the greatest common factor of c and 20.
10
Let c be (-8)/32*(-28 - 500). Calculate the greatest common divisor of 4796 and c.
44
Suppose 0 = 6*i - 9*i - 45. Let c be (-5)/((75/20)/i). Calculate the highest common factor of 8 and c.
4
Let v be (-48 - (3 - 2))*(2 - -14)/(-2). Calculate the greatest common divisor of 112 and v.
56
Let s = 33 - -45. Let h(l) = l**2 - 684*l - 4831. Let z be h(-7). Calculate the highest common factor of z and s.
6
Let g = 27357 + -11457. What is the greatest common factor of g and 60?
60
Let m be (-810795)/(-150) + 96/(-320). What is the greatest common factor of 115 and m?
115
Suppose -8*l + 9*l = 2*q + 76, 0 = l + 2*q - 56. Let d = l + 2. What is the highest common divisor of 68 and d?
68
Let j be 42/18 - 1*4/12. Let n(d) = -d**2 - 4*d + 4. Let h be n(-4). Suppose 5*g - 35 + j = 2*s, s = -h. Calculate the greatest common divisor of 2 and g.
1
Let t = -92 - -129. Suppose -6*m = -53 - t. Calculate the greatest common divisor of m and 15.
15
Let u = 209 + 317. Suppose 13*y - u = 514. What is the greatest common divisor of y and 680?
40
Let k = -4352 + 4692. Calculate the greatest common factor of 70 and k.
10
Suppose 0 = -4*d - 26*d + 1080. Suppose -5*k + 29 = o, k + d = 5*k + 4*o. What is the greatest common divisor of k and 35?
5
Suppose 19 = 4*t - 3*x - 61, -2*x = -3*t + 59. Suppose 0 = -4*c - 2*j + 1098, -2*c + 4*j = 2*c - 1068. What is the greatest common factor of c and t?
17
Suppose -148 - 35 = -3*t. Let n = 27 - t. Let s = n + 42. Calculate the highest common factor of 24 and s.
8
Let p(z) = -z**3 + 9*z**2 + 3*z + 2. Let q = -577 - -581. Let f be p(q). Calculate the greatest common factor of f and 188.
94
Let r be (27/495*30)/(15/110). Calculate the highest common factor of r and 4812.
12
Let a = 8516 + -4746. What is the greatest common factor of a and 130?
130
Let t be (1260/(-280))/(2/(-60)). Calculate the greatest common divisor of 4833 and t.
27
Let w(f) = -f**3 + 6*f**2 - 2*f + 14. Let t be w(6). Suppose -2*y - t*y + 2*b = -200, -4*b = 3*y - 150. What is the highest common factor of y and 40?
10
Let j = -11 - -19. Suppose -14*r = -10*r - 36. Let s = r - 8. What is the greatest common divisor of j and s?
1
Suppose -390 = -8*d + 218. Let z(t) = -3*t + 43. Suppose 3*q = -g + 20, 4 = -4*q + 5*g + 56. Let u be z(q). Calculate the greatest common divisor of u and d.
19
Let v(a) = -4*a + 201. Let x be v(32). Calculate the highest common divisor of x and 1460.
73
Let v be (-70)/(-4)*(-36)/5. Let k = v - -157. Calculate the highest common divisor of k and 31.
31
Suppose 0 = 5*t + 10, -a + t + 45 + 80 = 0. Let g be 72/21 + 1 - 5 - 2328/(-56). What is the greatest common factor of g and a?
41
Let u = -21239 - -32250. What is the greatest common factor of 91 and u?
91
Let b be (-4)/(-3)*(-3)/(-2) + 32. Suppose -5*g - 229 + b = 0. Let u = 83 + g. What is the highest common divisor of 11 and u?
11
Let t(s) = -6*s**3 + 6*s**2 - 9*s + 12. Let h be t(-6). Calculate the greatest common factor of h and 3419.
263
Let h(i) = -i**3 + 64*i**2 + 375*i + 5. Let k be h(-6). Calculate the highest common divisor of k and 1122.
11
Let o = -6 - 3. Let v(x) = -5*x - 1071 + 1121 + 10*x - x. Let s be v(o). Calculate the highest common factor of s and 70.
14
Let g = 52 + -4. Suppose -6713*d + 6718*d - 360 = 0. What is the greatest common factor of d and g?
24
Let g be (2/(-4))/((-147)/19992). Calculate the highest common factor of 2176 and g.
68
Let o be 2 + (0 - 1) + 274. Let n(z) = 4*z**2 + 55*z + 59. Let g be n(-25). Let d = -1173 + g. Calculate the highest common factor of o and d.
11
Suppose -81000 = 13726*n - 13771*n. Calculate the greatest common factor of 1650 and n.
150
Suppose 0 = -17*a + 14*a - 6. Let q be (-4)/(a*3/24). Calculate the highest common divisor of 136 and q.
8
Let b = 93 - 72. Let m be -2 - b/(-2) - (-3)/(-6). Suppose j - 4*q = -m, 141 = 5*j + 5*q + 56. What is the greatest common factor of 18 and j?
6
Suppose -1 = 2*s - 3*s. Suppose 1124*z + 445 = 2725 + 2216. What is the greatest common divisor of s and z?
1
Suppose -2*d + 5*r = -295, 4*d - 87 - 545 = 4*r. What is the greatest common divisor of 1065 and d?
15
Suppose 87*w + 17608 - 176731 = 0. Calculate the greatest common divisor of 93 and w.
31
Suppose 37*s - 34*s = 5*b + 347, 451 = 4*s - 5*b. What is the greatest common divisor of 143 and s?
13
Suppose -x + 200 = 3*r - 138, -4*r - 4*x + 448 = 0. Let a = 796 + -873. Let o = r + a. What is the highest common factor of 60 and o?
12
Let y be (2/(-6))/(-3 - 130/(-45)). Suppose y*l = 7*l - 2*s - 96, 4*l = 4*s + 96. What is the greatest common divisor of 8 and l?
8
Let w be 1*-11 - (46 + -4 + (-387 - -114)). Suppose -l + 0 = -20. Calculate the greatest common divisor of w and l.
20
Let l be ((-1)/2)/(34/(-15708)). Calculate the highest common factor of l and 627.
33
Suppose 9*d + 3*d - 24 = 0. Let v be d + (-3 - 1) + 5. Suppose 0 = 4*p - v*u - 39, -5*p - u - 27 = -71. What is the highest common divisor of p and 9?
9
Let f = 42 - 37. Suppose 202 = -f*q + 3*m - 54, -248 = 5*q + m. Let u = q - -64. What is the greatest common divisor of 4 and u?
2
Let a be 6/((-2889)/(-261) - 11). What is the greatest common factor of a and 928?
29
Suppose 638 - 116 = 9*c. Let w = c - 38. Calculate the highest common factor of w and 570.
10
Let c = -4772 - -4796. What is the greatest common divisor of 1884 and c?
12
Suppose -2*i + g + 2923 = -2*g, 2*g - 14 = 0. Calculate the highest common factor of i and 23.
23
Let v(b) = 2*b**2 + 12*b - 6. Let s be v(3). Suppose 5*g + s - 268 = 0. Calculate the greatest common divisor of 286 and g.
22
Suppose 4 = 3*p - 3*a + 13, 4*p + 16 = 5*a. Let o be (-20)/(-1 - p) + 12/6. Suppose o*m = 15*m - 48. What is the highest common divisor of 48 and m?
16
Suppose 915*f - 916*f = -396. What is the highest common divisor of 528 and f?
132
Let y(u) = 6*u**2 - u + 1. Let x be 8/(-10) - 135/(-75) - 3. Let j be y(x). What is the greatest common factor of 1 and j?
1
Suppose 0 = 4*j - 27*t + 32*t - 410, 4*t = 5*j - 533. Calculate the highest common factor of j and 1855.
35
Suppose 11*l - 1071 = -4*b + 6*l, 4*l = -2*b + 540. Suppose -b = -3*d + 3*k, -7*d = -5*d - 4*k - 184. What is the highest common factor of 12 and d?
12
Suppose -15*t - 46*t = 120*t - 29865. What is the greatest common divisor of t and 12485?
55
Let u = -21339 - -21445. Calculate the highest common divisor of u and 1325.
53
Let o(w) = -13*w - 107. Let n be o(-11). Suppose 601*f = 604*f - n. What is the highest common divisor of 126 and f?
6
Let a = -30 - -30. Suppose a = 9*n - 0*n - 81. Let f(m) = -m + 13. Let v be f(n). Calculate the highest common factor of 44 and v.
4
Let w be -2 + 2/(-5) + 362/5. Let a = 80 - w. Calculate the greatest common factor of 35 and a.
5
Suppose -5*k + 406 = g + 366, -5*k - 380 = -5*g. Let u be 1/(-1)*180/(-2). What is the highest common divisor of g and u?
10
Suppose 0 = -3*w + 15, -1160 = -3*b - 2*w + 650. Calculate the greatest common factor of b and 775.
25
Let u = -286 + 286. Let b be 36/(-9) - (-38 - (-2 + u)). Calculate the highest common factor of b and 512.
32
Suppose 490 = 2*q + 154. Let f = -108 + q. Calculate the greatest common factor of f and 18.
6
Suppose 89*x - 82*x - 3350 = -p, -1924 = -4*x - 3*p. What is the greatest common factor of x and 4?
2
Suppose -r + 45 = 8*r. Suppose 20 = -5*w, 3*m - r*w - 154 = 166. Let l = m - 71. What is the greatest common divisor of l and 87?
29
Let q(w) = 7*w**2 + 7*w - 10. Let y be q(2). Let r = -54 + 182. Calculate the highest common factor of r and y.
32
Suppose 190 + 13 = 5*s - 77. Calculate the greatest common divisor of s and 2954.
14
Suppose 0 = 181*c + 7*c - 2570148. Calculate the highest common factor of c and 98.
49
Suppose 3*h - 2604 = 42*q - 45*q, -3*h = 12*q - 10479. What is the highest common factor of q and 100?
25
Let b(n) = -49 + 8*n - n**2 + 82 - 48. Let i be b(4). Suppose 7 = 2*t - t. What is the greatest common divisor of i and t?
1
Let k be ((-21)/1)/(3/(-59)). What is the highest common divisor of k and 7?
7
Let d be 41 - (-2 - -1) - 3. Let u(x) = 6*x - 36. Let w be u(5). Let b be 9/w*208/(-24). What is 